et a(i) = -i**2 + 6*i - 4. What is a(r)?
5
Let c(k) = 3*k + 46 - 96 + 42 + k**2. Determine c(-6).
10
Let b(q) = 22 + 3*q - 15 - 4*q + 6. Calculate b(6).
7
Let h(q) = -4*q - 3. Let a(y) be the first derivative of -y**4/4 - 2*y**3/3 + 5*y**2/2 + 3*y - 6. Let v be a(-3). Give h(v).
9
Let v = 41 - 41. Suppose -z + 4 - 10 = v. Let n(o) = -o**3 - 7*o**2 - 5*o - 1. What is n(z)?
-7
Let c = 101 + -95. Let l be (0/(-2))/(-2) - 3. Let z be -4 + c + l/1. Let a(j) = -7*j**2 + 2*j + 1. Give a(z).
-8
Suppose 0*t + 3*t - 30 = 0. Suppose 3*m - 8*m = t. Let u(j) = 8*j + 1. Let g(z) = -z. Let b(r) = m*g(r) - u(r). Determine b(1).
-7
Let q(r) = -22*r**3 + 23*r**2 - 37*r + 27. Let b(t) = -5*t**3 + 6*t**2 - 9*t + 7. Let w(p) = 9*b(p) - 2*q(p). Calculate w(7).
9
Let k(z) be the third derivative of z**7/2520 - z**6/240 - z**5/15 + 7*z**4/24 + 12*z**2. Let h(u) be the second derivative of k(u). Calculate h(6).
10
Let w(s) = -2*s - 7. Suppose -56 = -1645*j + 1649*j. Calculate w(j).
21
Let a(g) be the first derivative of -g**2/2 - 2*g + 72. Suppose -4*l + 0*l + 84 = 0. Let s be l/7 - (-1 + 4). Calculate a(s).
-2
Let z be (-13 + 8)*1 + 36/4. Let m = 23 - 6. Let g(o) = -o**2 + 2 + m*o - 4*o - z*o - 3*o. Give g(7).
-5
Let i(w) be the first derivative of w**5/12 - w**4/24 - w**3/3 - 3. Let k(f) be the third derivative of i(f). Determine k(1).
9
Let c(h) be the first derivative of 1/4*h**4 + 3 + 7/2*h**2 - h - 7/3*h**3. Let d = 22 + -16. Give c(d).
5
Let w(h) = -5*h**2 - 10 + 3*h**2 + h**2 + 3*h - 18*h. Let p be w(-14). Let i(u) = 9*u + p - 8*u - 6. Calculate i(5).
3
Let b be -2 + 6/(-9)*(-4 + 1). Let i(h) = -h**3 - h - 12. Give i(b).
-12
Let b(a) = a**2 + 4. Suppose -l = 3*l - s - 29, -2*l + s = -15. Let m(y) = y**2 + 9. Let v(j) = l*b(j) - 3*m(j). Give v(2).
17
Suppose s = -2*q - 2, 4 = -3*q + 3*s + 10. Let w(b) be the first derivative of 1/2*b**4 - b**2 + 0*b**3 + q*b - 2. Determine w(2).
12
Suppose r + 55 = 4*s + 49, -r - 5*s - 15 = 0. Let n(q) = q + 9. Calculate n(r).
-1
Let r = 27 - 33. Let j(h) = -h**2 - 4*h + 14. Let g be j(r). Let v(o) = 2*o**3 - 7*o**2 + 3*o + 3*o**2 - o**3. Give v(g).
-2
Let t(q) = 31*q + 16*q - 44*q. Give t(-8).
-24
Let x(c) = -19*c**3 + c**2 + 2*c + 1. Let w = -173 + 172. Determine x(w).
19
Suppose -5*c + 22 = b - 16, 34 = 5*c + 3*b. Let w(n) = -c*n - 5 - 5*n + 17*n - n. What is w(5)?
10
Let p(t) = -2*t**2 - 3*t + 2. Let f(o) = -47 + o + 4*o + 44. Let l be f(0). Calculate p(l).
-7
Let o be (-4)/(-1 + 3)*(-8 - -12). Let k(c) be the second derivative of -c**3/6 - 5*c**2/2 + 75*c. Determine k(o).
3
Let m(c) be the first derivative of c**6/120 + 7*c**5/60 - c**4/24 - c**3/2 - 3*c**2 + 4. Let t(o) be the second derivative of m(o). What is t(-7)?
4
Suppose -2*s = -5*g - 3, -21 = -s - s - g. Suppose -5*d - o = -35, -5*o - 26 = -5*d + s. Let f(u) = -d*u**2 - 7*u - u + 6*u - 1. Determine f(-1).
-6
Let j(u) be the third derivative of -u**7/2520 + u**6/90 - u**5/20 - 31*u**4/24 - 15*u**2. Let d(f) be the second derivative of j(f). Calculate d(8).
-6
Let q(n) = 4*n + 11. Let v(x) = -6*x + 37. Let t be v(7). Calculate q(t).
-9
Let x(j) = 0 + 4*j - j + 4*j + 31 + 0*j. Give x(-5).
-4
Let p(l) = 2*l**2 + 7*l - 8. Let b(v) = 5*v**2 + 14*v - 16. Let d(k) = 3*b(k) - 7*p(k). Let n = 10 - -3. Let i = n - 7. Determine d(i).
2
Let w(f) = 2*f + 32. Let p be w(-14). Let u(q) = 5*q - 6 - 4*q + q. What is u(p)?
2
Let b = -105 + 37. Let r = 67 + b. Let q(w) = -12*w**3 - 2*w**2 - w. Give q(r).
11
Let j(n) = n**3 + 8*n**2 + 5*n - 8. Let g = -1942 - -1936. Calculate j(g).
34
Let m(y) = 3. Let g(n) be the second derivative of n**3/6 + n**2/2 - 15*n. Let j(u) = g(u) + m(u). Determine j(0).
4
Let q = 16 - 10. Let g(j) be the second derivative of j**3/3 + 3*j**2/2 - 946*j. Give g(q).
15
Let i(r) = -r**3 - 5*r**2 + r - 4. Suppose 0 = 9*u - 52 - 2. Let m = u - 11. Give i(m).
-9
Suppose 3*y + 19 = 2*f, -269*y + 270*y + 9 = -2*f. Let t(j) be the third derivative of 7*j**4/24 + j**3/6 - j**2. Calculate t(f).
-6
Let h(a) = 2*a - 18. Let s be h(7). Let y(r) be the first derivative of 5*r**2/2 + 6*r - 37. Determine y(s).
-14
Let o(d) = 3*d**2 + d + 1. Suppose 3 = -5*g + 6*g. Let r be -6 + (4 - g) + 2 - -1. Determine o(r).
11
Let w(k) = -k**2 - 6*k - 6. Let b be w(-4). Let j(p) = p**3 + 30*p**b - 50*p**2 - 2*p + 5 + 8*p + 25*p**2. Let x be 26/(-6) + 1/3. Determine j(x).
-3
Let q(o) be the first derivative of o**2/2 + 7*o + 748. Suppose -2*f + 3 = -7. What is q(f)?
12
Let g(u) = -2*u + 4. Let w(l) = -7*l**3 - 2*l + 1. Let y be w(1). Let a be 24/(-16)*y/3. Suppose -x = a*j - 10, 3*x + 4*j = 2*j + 20. What is g(x)?
-8
Let x(a) = 1 - 7 + 16*a + 3*a**2 - a**2 - 15*a - 3*a**2. What is x(0)?
-6
Let h(o) = 2*o**2 - 3*o - 4. Let j = 429 + -426. What is h(j)?
5
Let c(k) = -267 + 134 + 125 - 7*k. What is c(6)?
-50
Let y(f) be the first derivative of -f**3/3 - 8*f**2 + 32*f + 451. Determine y(-18).
-4
Let q(x) be the second derivative of -x**5/60 - 7*x**4/24 + x**3 + 2*x**2 - 5*x. Let f(g) be the first derivative of q(g). Calculate f(-7).
6
Let l(x) = 19*x**2. Let c be (-5)/15 - (-14)/6. Suppose -3 = n - 2*f + 4*f, n - c = 3*f. Determine l(n).
19
Suppose -5*n - 32 = -2*t, -n = 1 + 3. Let v(c) = -2 - 3*c + 0*c + t*c - c. Suppose -3*i - 2*i = -25. What is v(i)?
8
Let k(r) be the first derivative of -r**3/3 - 5*r**2/2 + 8*r + 1. Let f(o) = -7 - 10*o + o**2 - 15 - 2*o**2 + 7. Let v be f(-9). Give k(v).
2
Let z be (1/(4 + -1))/(16/(-96)). Let k be (z/4 - 0)*(7 + -9). Let w(s) = -10*s**3 + 1. Give w(k).
-9
Let r(a) = 7*a + 1. Let m be r(1). Let g = -8 + m. Suppose g = d + 2*d. Let k(o) = -o. Calculate k(d).
0
Let j(x) = -1 - 2*x - 2*x + 7*x - 4*x. Let b(o) = o - 1. Let s(f) = -3*b(f) + 6*j(f). Give s(-2).
15
Suppose 3*y + 2*y - 20 = 0. Let p(b) = y*b - 2*b + b. Let n = 63 - 61. Determine p(n).
6
Let j = 9 - 4. Let x(s) be the second derivative of -1/6*s**3 + 17*s + 0 + 2*s**2. Calculate x(j).
-1
Suppose 0 = 3*t - 20 + 2. Let d(l) = 7*l + 66. Let s be d(-9). Let w(x) = s + 0*x + x**2 - t*x + 3 - 2. Determine w(6).
4
Let f(s) = -s**2 - 6*s + 5. Let t(w) = -w**3 - 17*w**2 + 19*w + 12. Suppose 4*g - 2*r = -4*r - 74, g - r = -17. Let z be t(g). What is f(z)?
5
Let z(h) = 2*h**2 - 4*h + 19. Let a(s) = -2*s**2 + 3*s - 24. Let n(t) = -4*a(t) - 5*z(t). Calculate n(5).
-9
Let x(p) = 2*p**3 - 3*p**2 - 2*p + 9. Let r(m) = m**3 - 2*m**2 - m + 5. Let w(t) = -5*r(t) + 3*x(t). Let n be 0*3*(-2)/(-12). Give w(n).
2
Let z = 568 - 564. Let q(f) = f**3 - 3*f**2 - 4*f + 5. What is q(z)?
5
Let t(h) = -4*h**3 - 1 + 3*h**2 + 28*h - 5 - 22*h + 3*h**3. Suppose r - 4*r + 12 = -c, 0 = 2*r - 5*c - 8. Determine t(r).
2
Let v(p) = -8 - 52*p**2 + 2*p + 99*p**2 - 48*p**2 + 1. Calculate v(-5).
-42
Suppose -k - 6 = -g, -2*k - 4*g + 5 + 13 = 0. Let v = k - -4. Let p(y) = -y**3 + 3*y**2 - 2. What is p(v)?
-2
Let m(l) = -6*l + 3 + l + l. Suppose -965*g = -895*g - 280. Give m(g).
-13
Let x(r) be the second derivative of 3*r**3/2 - 11*r**2/2 - 19*r. Let a(k) = -4*k + 5. Let m(y) = -5*a(y) - 2*x(y). Calculate m(3).
3
Let q(w) = 6*w. Suppose -5*p + 0 = 5. Let d = 53 - 52. Let n be ((-3)/d)/(-4 - p). What is q(n)?
6
Let u(j) = -j - 3*j - 1 - 21*j**2 + 6*j. Suppose 158 = 302*n + 108 - 252. What is u(n)?
-20
Let l(d) = -2*d - 1. Suppose 0 = 4*c + 2*k, 2*c = 3*k + k + 20. Suppose 33 - 37 = c*a. What is l(a)?
3
Let b(k) = -2*k**2 + 7*k - 1. Let z be -7*6/(-70) + (-36)/(-15). Give b(z).
2
Let v(n) = -n**2 - n. Suppose 0 = b + 3*k + 10, 4*b = 2*k + 16. Let c(f) = -2*f + f**b + 2 - 2 - 1. Let o(w) = -c(w) - 2*v(w). Give o(-4).
1
Let r(i) = 5*i - 7. Let x(o) = -3*o + 5. Let l(z) = -6*r(z) - 11*x(z). Calculate l(12).
23
Suppose -11*q + 52 = 2*q. Let j(g) = -g**3 + 5*g**2 + 2*g. Determine j(q).
24
Let y(q) = -2*q**2 + 8*q + 15. Let s be y(5). Suppose -21 = -8*j - s. Let d(x) = 2*x**2 - 1. What is d(j)?
7
Let b = -495 - -494. Let l(j) = 6*j**2 + 1. Calculate l(b).
7
Suppose -14*w - 78 = -27*w. Let s(p) = 20*p**3 - 15*p**2 - 35*p + 23. Let n(z) = 7*z**3 - 5*z**2 - 12*z + 8. Let j(c) = 17*n(c) - 6*s(c). What is j(w)?
-2
Let v = -45 - -41. Let p(m) = -m**3 - 2*m**2 + 5*m - 3. What is p(v)?
9
Let t = 90 - 91. Let q(d) = -d**3 + 4*d**2 + 3*d + 2. Let l(o) = -o**3 + 9*o**2 + 7*o + 5. Let m(h) = 3*l(h) - 7*q(h). Determine m(t).
-4
Suppose -3*x = -0*x + 3. Let 